{"id":85,"date":"2019-09-23T20:52:07","date_gmt":"2019-09-23T18:52:07","guid":{"rendered":"http:\/\/johannes-klier.de\/web\/?page_id=85"},"modified":"2024-05-28T15:51:11","modified_gmt":"2024-05-28T13:51:11","slug":"enrique-granados","status":"publish","type":"page","link":"https:\/\/johannes-klier.de\/web\/konzerte\/reportoire\/enrique-granados\/","title":{"rendered":"Enrique Granados"},"content":{"rendered":"\n<div class=\"wp-block-columns has-2-columns is-layout-flex wp-container-core-columns-is-layout-9d6595d7 wp-block-columns-is-layout-flex\">\n<div class=\"wp-block-column is-layout-flow wp-block-column-is-layout-flow\">\n<h4 class=\"wp-block-heading\">Enrique Granados<br>1867\u20131916&nbsp;<\/h4>\n\n\n\n<p>La Maja de Goya (Tonadilla)<br>aus: <em>COLLECCI\u00d3N DE TONADILLAS<br>escritas en estilo antiguo (1914)<\/em><br>(Bearbeitung: Miguel Llobet)<\/p>\n\n\n\n<p><em>Andaluza<\/em> &#8211; Danza Espa\u00f1ola No. 5<br>aus: <em>12 Danzas Espa\u00f1olas<\/em> op. 37 (1890)<br>(Bearbeitung: Santiago Navascu\u00e9s)&nbsp;<\/p>\n\n\n\n<p><em>Melanc\u00f3lica<\/em> &#8211; Danza Triste Nr. 10<br>aus: <em>12 Danzas Espa\u00f1olas <\/em>op. 37 (1890)<br>(Bearbeitung: Santiago Navascu\u00e9s)\u00a0<br><\/p>\n<\/div>\n\n\n\n<div class=\"wp-block-column is-layout-flow wp-block-column-is-layout-flow\">\n<figure class=\"wp-block-image\"><img loading=\"lazy\" decoding=\"async\" width=\"355\" height=\"480\" src=\"https:\/\/johannes-klier.de\/web\/wp-content\/uploads\/2019\/09\/Enrique-Granados.jpg\" alt=\"\" class=\"wp-image-86\" srcset=\"https:\/\/johannes-klier.de\/web\/wp-content\/uploads\/2019\/09\/Enrique-Granados.jpg 355w, https:\/\/johannes-klier.de\/web\/wp-content\/uploads\/2019\/09\/Enrique-Granados-222x300.jpg 222w\" sizes=\"auto, (max-width: 355px) 100vw, 355px\" \/><\/figure>\n<\/div>\n<\/div>\n","protected":false},"excerpt":{"rendered":"<p>Enrique Granados1867\u20131916&nbsp; La Maja de Goya (Tonadilla)aus: COLLECCI\u00d3N DE TONADILLASescritas en estilo antiguo (1914)(Bearbeitung: Miguel Llobet) Andaluza &#8211; Danza Espa\u00f1ola No. 5aus: 12 Danzas Espa\u00f1olas op. 37 (1890)(Bearbeitung: Santiago Navascu\u00e9s)&nbsp; Melanc\u00f3lica &#8211; Danza Triste Nr. 10aus: 12 Danzas Espa\u00f1olas op. 37 (1890)(Bearbeitung: Santiago Navascu\u00e9s)\u00a0<\/p>\n","protected":false},"author":1,"featured_media":0,"parent":42,"menu_order":0,"comment_status":"closed","ping_status":"closed","template":"","meta":{"footnotes":""},"class_list":["post-85","page","type-page","status-publish","hentry"],"_links":{"self":[{"href":"https:\/\/johannes-klier.de\/web\/wp-json\/wp\/v2\/pages\/85","targetHints":{"allow":["GET"]}}],"collection":[{"href":"https:\/\/johannes-klier.de\/web\/wp-json\/wp\/v2\/pages"}],"about":[{"href":"https:\/\/johannes-klier.de\/web\/wp-json\/wp\/v2\/types\/page"}],"author":[{"embeddable":true,"href":"https:\/\/johannes-klier.de\/web\/wp-json\/wp\/v2\/users\/1"}],"replies":[{"embeddable":true,"href":"https:\/\/johannes-klier.de\/web\/wp-json\/wp\/v2\/comments?post=85"}],"version-history":[{"count":6,"href":"https:\/\/johannes-klier.de\/web\/wp-json\/wp\/v2\/pages\/85\/revisions"}],"predecessor-version":[{"id":493,"href":"https:\/\/johannes-klier.de\/web\/wp-json\/wp\/v2\/pages\/85\/revisions\/493"}],"up":[{"embeddable":true,"href":"https:\/\/johannes-klier.de\/web\/wp-json\/wp\/v2\/pages\/42"}],"wp:attachment":[{"href":"https:\/\/johannes-klier.de\/web\/wp-json\/wp\/v2\/media?parent=85"}],"curies":[{"name":"wp","href":"https:\/\/api.w.org\/{rel}","templated":true}]}}

<div class="wp-block-columns has-2-columns is-layout-flex wp-container-core-columns-is-layout-9d6595d7 wp-block-columns-is-layout-flex">
<div class="wp-block-column is-layout-flow wp-block-column-is-layout-flow">
<h4 class="wp-block-heading">Enrique Granados<br>1867–1916&nbsp;</h4>



<p>La Maja de Goya (Tonadilla)<br>aus: <em>COLLECCIÓN DE TONADILLAS<br>escritas en estilo antiguo (1914)</em><br>(Bearbeitung: Miguel Llobet)</p>



<p><em>Andaluza</em> &#8211; Danza Española No. 5<br>aus: <em>12 Danzas Españolas</em> op. 37 (1890)<br>(Bearbeitung: Santiago Navascués)&nbsp;</p>



<p><em>Melancólica</em> &#8211; Danza Triste Nr. 10<br>aus: <em>12 Danzas Españolas </em>op. 37 (1890)<br>(Bearbeitung: Santiago Navascués) <br></p>
</div>



<div class="wp-block-column is-layout-flow wp-block-column-is-layout-flow">
<figure class="wp-block-image"><img loading="lazy" decoding="async" width="355" height="480" src="https://johannes-klier.de/web/wp-content/uploads/2019/09/Enrique-Granados.jpg" alt="" class="wp-image-86" srcset="https://johannes-klier.de/web/wp-content/uploads/2019/09/Enrique-Granados.jpg 355w, https://johannes-klier.de/web/wp-content/uploads/2019/09/Enrique-Granados-222x300.jpg 222w" sizes="auto, (max-width: 355px) 100vw, 355px" /></figure>
</div>
</div>

<p>Enrique Granados1867–1916&nbsp; La Maja de Goya (Tonadilla)aus: COLLECCIÓN DE TONADILLASescritas en estilo antiguo (1914)(Bearbeitung: Miguel Llobet) Andaluza &#8211; Danza Española No. 5aus: 12 Danzas Españolas op. 37 (1890)(Bearbeitung: Santiago Navascués)&nbsp; Melancólica &#8211; Danza Triste Nr. 10aus: 12 Danzas Españolas op. 37 (1890)(Bearbeitung: Santiago Navascués) </p>
