{"id":77,"date":"2019-09-23T20:49:20","date_gmt":"2019-09-23T18:49:20","guid":{"rendered":"http:\/\/johannes-klier.de\/web\/?page_id=77"},"modified":"2024-01-28T10:13:28","modified_gmt":"2024-01-28T09:13:28","slug":"fernando-sor","status":"publish","type":"page","link":"https:\/\/johannes-klier.de\/web\/konzerte\/reportoire\/fernando-sor\/","title":{"rendered":"Fernando Sor"},"content":{"rendered":"\n<div class=\"wp-block-columns has-2-columns is-layout-flex wp-container-core-columns-is-layout-9d6595d7 wp-block-columns-is-layout-flex\">\n<div class=\"wp-block-column is-layout-flow wp-block-column-is-layout-flow\">\n<h4 class=\"wp-block-heading\">Fernando Sor<br>1778\u20131839<\/h4>\n\n\n\n<p>Introduktion und Variationen \u00fcber ein Thema aus Mozarts Zauberfl\u00f6te op. 9<\/p>\n\n\n\n<p>Grand Solo op. 14<\/p>\n\n\n\n<p>Fantaisie \u00c9l\u00e9giaque op. 59<br><em>Introduction &#8211; Marche Fun\u00e8bre<\/em><\/p>\n\n\n\n<p>Andantino op. 32 Nr. 1<br>Divertimento op. 2 Nr. 3<br>Bagatelle op. 43 Nr. 5<br>Andante Largo op. 5 Nr. 5<\/p>\n\n\n\n<p>Et\u00fcden aus op. 6, 29, 31 und 35<\/p>\n\n\n\n<p>Les Folies d\u2019Espagne op. 15<br>(Solofassung sowie Fassung f\u00fcr Gitarre und Streichorchester)<\/p>\n<\/div>\n\n\n\n<div class=\"wp-block-column is-layout-flow wp-block-column-is-layout-flow\">\n<figure class=\"wp-block-image\"><img loading=\"lazy\" decoding=\"async\" width=\"493\" height=\"600\" src=\"https:\/\/johannes-klier.de\/web\/wp-content\/uploads\/2019\/09\/Fernando_Sor.jpg\" alt=\"\" class=\"wp-image-163\" srcset=\"https:\/\/johannes-klier.de\/web\/wp-content\/uploads\/2019\/09\/Fernando_Sor.jpg 493w, https:\/\/johannes-klier.de\/web\/wp-content\/uploads\/2019\/09\/Fernando_Sor-247x300.jpg 247w\" sizes=\"auto, (max-width: 493px) 100vw, 493px\" \/><\/figure>\n<\/div>\n<\/div>\n","protected":false},"excerpt":{"rendered":"<p>Fernando Sor1778\u20131839 Introduktion und Variationen \u00fcber ein Thema aus Mozarts Zauberfl\u00f6te op. 9 Grand Solo op. 14 Fantaisie \u00c9l\u00e9giaque op. 59Introduction &#8211; Marche Fun\u00e8bre Andantino op. 32 Nr. 1Divertimento op. 2 Nr. 3Bagatelle op. 43 Nr. 5Andante Largo op. 5 Nr. 5 Et\u00fcden aus op. 6, 29, 31 und 35 Les Folies d\u2019Espagne op. 15(Solofassung [&hellip;]<\/p>\n","protected":false},"author":1,"featured_media":0,"parent":42,"menu_order":0,"comment_status":"closed","ping_status":"closed","template":"","meta":{"footnotes":""},"class_list":["post-77","page","type-page","status-publish","hentry"],"_links":{"self":[{"href":"https:\/\/johannes-klier.de\/web\/wp-json\/wp\/v2\/pages\/77","targetHints":{"allow":["GET"]}}],"collection":[{"href":"https:\/\/johannes-klier.de\/web\/wp-json\/wp\/v2\/pages"}],"about":[{"href":"https:\/\/johannes-klier.de\/web\/wp-json\/wp\/v2\/types\/page"}],"author":[{"embeddable":true,"href":"https:\/\/johannes-klier.de\/web\/wp-json\/wp\/v2\/users\/1"}],"replies":[{"embeddable":true,"href":"https:\/\/johannes-klier.de\/web\/wp-json\/wp\/v2\/comments?post=77"}],"version-history":[{"count":7,"href":"https:\/\/johannes-klier.de\/web\/wp-json\/wp\/v2\/pages\/77\/revisions"}],"predecessor-version":[{"id":363,"href":"https:\/\/johannes-klier.de\/web\/wp-json\/wp\/v2\/pages\/77\/revisions\/363"}],"up":[{"embeddable":true,"href":"https:\/\/johannes-klier.de\/web\/wp-json\/wp\/v2\/pages\/42"}],"wp:attachment":[{"href":"https:\/\/johannes-klier.de\/web\/wp-json\/wp\/v2\/media?parent=77"}],"curies":[{"name":"wp","href":"https:\/\/api.w.org\/{rel}","templated":true}]}}