{"id":7,"date":"2019-09-23T18:44:08","date_gmt":"2019-09-23T16:44:08","guid":{"rendered":"http:\/\/johannes-klier.de\/web\/?page_id=7"},"modified":"2019-09-28T09:43:31","modified_gmt":"2019-09-28T07:43:31","slug":"home","status":"publish","type":"page","link":"https:\/\/johannes-klier.de\/web\/home\/","title":{"rendered":"Home"},"content":{"rendered":"\n<p style=\"text-align:center\"><em>Die Sch\u00f6nheit des Klangs ist nicht die Endstation,&nbsp;<\/em><\/p>\n\n\n\n<p style=\"text-align:center\"><em>sie ist nur der K\u00f6der, damit wir \u00fcberhaupt zuh\u00f6ren.<\/em><\/p>\n\n\n\n<p style=\"text-align:center\"><em>Man muss \u00fcber das Sch\u00f6ne hinauskommen.\u00a0<\/em><\/p>\n\n\n\n<p style=\"text-align:center\"><em>Man muss erfahren, dass dahinter die Wahrheit steht.<\/em><\/p>\n\n\n\n<p style=\"text-align:center\"><br>Sergiu Celibidache<\/p>\n","protected":false},"excerpt":{"rendered":"<p>Die Sch\u00f6nheit des Klangs ist nicht die Endstation,&nbsp; sie ist nur der K\u00f6der, damit wir \u00fcberhaupt zuh\u00f6ren. Man muss \u00fcber das Sch\u00f6ne hinauskommen.\u00a0 Man muss erfahren, dass dahinter die Wahrheit steht. Sergiu Celibidache<\/p>\n","protected":false},"author":1,"featured_media":8,"parent":0,"menu_order":0,"comment_status":"closed","ping_status":"closed","template":"","meta":{"footnotes":""},"class_list":["post-7","page","type-page","status-publish","has-post-thumbnail","hentry"],"_links":{"self":[{"href":"https:\/\/johannes-klier.de\/web\/wp-json\/wp\/v2\/pages\/7","targetHints":{"allow":["GET"]}}],"collection":[{"href":"https:\/\/johannes-klier.de\/web\/wp-json\/wp\/v2\/pages"}],"about":[{"href":"https:\/\/johannes-klier.de\/web\/wp-json\/wp\/v2\/types\/page"}],"author":[{"embeddable":true,"href":"https:\/\/johannes-klier.de\/web\/wp-json\/wp\/v2\/users\/1"}],"replies":[{"embeddable":true,"href":"https:\/\/johannes-klier.de\/web\/wp-json\/wp\/v2\/comments?post=7"}],"version-history":[{"count":5,"href":"https:\/\/johannes-klier.de\/web\/wp-json\/wp\/v2\/pages\/7\/revisions"}],"predecessor-version":[{"id":208,"href":"https:\/\/johannes-klier.de\/web\/wp-json\/wp\/v2\/pages\/7\/revisions\/208"}],"wp:featuredmedia":[{"embeddable":true,"href":"https:\/\/johannes-klier.de\/web\/wp-json\/wp\/v2\/media\/8"}],"wp:attachment":[{"href":"https:\/\/johannes-klier.de\/web\/wp-json\/wp\/v2\/media?parent=7"}],"curies":[{"name":"wp","href":"https:\/\/api.w.org\/{rel}","templated":true}]}}