{"id":555,"date":"2026-01-17T22:41:06","date_gmt":"2026-01-17T21:41:06","guid":{"rendered":"https:\/\/johannes-klier.de\/web\/?page_id=555"},"modified":"2026-01-18T07:59:41","modified_gmt":"2026-01-18T06:59:41","slug":"luys-de-narvaez","status":"publish","type":"page","link":"https:\/\/johannes-klier.de\/web\/konzerte\/reportoire\/luys-de-narvaez\/","title":{"rendered":"Luys de Narv\u00e1ez"},"content":{"rendered":"\n<div class=\"wp-block-columns is-layout-flex wp-container-core-columns-is-layout-9d6595d7 wp-block-columns-is-layout-flex\">\n<div class=\"wp-block-column is-layout-flow wp-block-column-is-layout-flow\">\n<h4 class=\"wp-block-heading\"><strong>Luys de Narv\u00e1ez<br>1538<\/strong><\/h4>\n\n\n\n<p>Diferencias sobre <em>Gu\u00e1rdame las vacas<\/em><\/p>\n\n\n\n<p>Diferencias por otra parte (Passamezzo antico)<\/p>\n\n\n\n<p>Canci\u00f3n del Emperador<br>(nach <em>Mille Regretz<\/em> von Josquin Desprez)<\/p>\n\n\n\n<p>aus: <em>Los seys libros del Delphin de musica de cifras<\/em> <em>para ta\u00f1er vihuela, <\/em>Valladolid 1538<\/p>\n\n\n\n<p>(Transkription: Johannes Klier &amp; Santiago Navascu\u00e9s)<\/p>\n<\/div>\n\n\n\n<div class=\"wp-block-column is-layout-flow wp-block-column-is-layout-flow\">\n<figure class=\"wp-block-image size-full is-resized\"><img loading=\"lazy\" decoding=\"async\" width=\"494\" height=\"621\" src=\"https:\/\/johannes-klier.de\/web\/wp-content\/uploads\/2026\/01\/Luys-de-Narvaez.jpg\" alt=\"\" class=\"wp-image-559\" style=\"width:342px;height:auto\" srcset=\"https:\/\/johannes-klier.de\/web\/wp-content\/uploads\/2026\/01\/Luys-de-Narvaez.jpg 494w, https:\/\/johannes-klier.de\/web\/wp-content\/uploads\/2026\/01\/Luys-de-Narvaez-239x300.jpg 239w\" sizes=\"auto, (max-width: 494px) 100vw, 494px\" \/><\/figure>\n<\/div>\n<\/div>\n","protected":false},"excerpt":{"rendered":"<p>Luys de Narv\u00e1ez1538 Diferencias sobre Gu\u00e1rdame las vacas Diferencias por otra parte (Passamezzo antico) Canci\u00f3n del Emperador(nach Mille Regretz von Josquin Desprez) aus: Los seys libros del Delphin de musica de cifras para ta\u00f1er vihuela, Valladolid 1538 (Transkription: Johannes Klier &amp; Santiago Navascu\u00e9s)<\/p>\n","protected":false},"author":1,"featured_media":0,"parent":42,"menu_order":0,"comment_status":"closed","ping_status":"closed","template":"","meta":{"footnotes":""},"class_list":["post-555","page","type-page","status-publish","hentry"],"_links":{"self":[{"href":"https:\/\/johannes-klier.de\/web\/wp-json\/wp\/v2\/pages\/555","targetHints":{"allow":["GET"]}}],"collection":[{"href":"https:\/\/johannes-klier.de\/web\/wp-json\/wp\/v2\/pages"}],"about":[{"href":"https:\/\/johannes-klier.de\/web\/wp-json\/wp\/v2\/types\/page"}],"author":[{"embeddable":true,"href":"https:\/\/johannes-klier.de\/web\/wp-json\/wp\/v2\/users\/1"}],"replies":[{"embeddable":true,"href":"https:\/\/johannes-klier.de\/web\/wp-json\/wp\/v2\/comments?post=555"}],"version-history":[{"count":6,"href":"https:\/\/johannes-klier.de\/web\/wp-json\/wp\/v2\/pages\/555\/revisions"}],"predecessor-version":[{"id":568,"href":"https:\/\/johannes-klier.de\/web\/wp-json\/wp\/v2\/pages\/555\/revisions\/568"}],"up":[{"embeddable":true,"href":"https:\/\/johannes-klier.de\/web\/wp-json\/wp\/v2\/pages\/42"}],"wp:attachment":[{"href":"https:\/\/johannes-klier.de\/web\/wp-json\/wp\/v2\/media?parent=555"}],"curies":[{"name":"wp","href":"https:\/\/api.w.org\/{rel}","templated":true}]}}

Luys de Narváez

<div class="wp-block-columns is-layout-flex wp-container-core-columns-is-layout-9d6595d7 wp-block-columns-is-layout-flex">
<div class="wp-block-column is-layout-flow wp-block-column-is-layout-flow">
<h4 class="wp-block-heading"><strong>Luys de Narváez<br>1538</strong></h4>



<p>Diferencias sobre <em>Guárdame las vacas</em></p>



<p>Diferencias por otra parte (Passamezzo antico)</p>



<p>Canción del Emperador<br>(nach <em>Mille Regretz</em> von Josquin Desprez)</p>



<p>aus: <em>Los seys libros del Delphin de musica de cifras</em> <em>para tañer vihuela, </em>Valladolid 1538</p>



<p>(Transkription: Johannes Klier &amp; Santiago Navascués)</p>
</div>



<div class="wp-block-column is-layout-flow wp-block-column-is-layout-flow">
<figure class="wp-block-image size-full is-resized"><img loading="lazy" decoding="async" width="494" height="621" src="https://johannes-klier.de/web/wp-content/uploads/2026/01/Luys-de-Narvaez.jpg" alt="" class="wp-image-559" style="width:342px;height:auto" srcset="https://johannes-klier.de/web/wp-content/uploads/2026/01/Luys-de-Narvaez.jpg 494w, https://johannes-klier.de/web/wp-content/uploads/2026/01/Luys-de-Narvaez-239x300.jpg 239w" sizes="auto, (max-width: 494px) 100vw, 494px" /></figure>
</div>
</div>

<p>Luys de Narváez1538 Diferencias sobre Guárdame las vacas Diferencias por otra parte (Passamezzo antico) Canción del Emperador(nach Mille Regretz von Josquin Desprez) aus: Los seys libros del Delphin de musica de cifras para tañer vihuela, Valladolid 1538 (Transkription: Johannes Klier &amp; Santiago Navascués)</p>
