{"id":49,"date":"2019-09-23T19:41:55","date_gmt":"2019-09-23T17:41:55","guid":{"rendered":"http:\/\/johannes-klier.de\/web\/?page_id=49"},"modified":"2024-05-14T20:52:32","modified_gmt":"2024-05-14T18:52:32","slug":"luys-milan","status":"publish","type":"page","link":"https:\/\/johannes-klier.de\/web\/konzerte\/reportoire\/luys-milan\/","title":{"rendered":"Luys Mil\u00e1n"},"content":{"rendered":"\n<div class=\"wp-block-columns has-2-columns is-layout-flex wp-container-core-columns-is-layout-9d6595d7 wp-block-columns-is-layout-flex\">\n<div class=\"wp-block-column is-layout-flow wp-block-column-is-layout-flow\">\n<h4 class=\"wp-block-heading\">Luys Mil\u00e1n<br>1535<\/h4>\n\n\n\n<p>3 Fantas\u00edas<\/p>\n\n\n\n<p>6 Pavanas<\/p>\n\n\n\n<p>Toda mi vida (Villancico)<br>Aquel caballero madre (Villancico)<br>Durandarte (Romance)<\/p>\n\n\n\n<p>aus: <em>Libro de M\u00fasica de vihuela de mano: intitulado El Maestro<\/em>, Valencia 1535<\/p>\n\n\n\n<p>(Transkription: Johannes Klier)<br><\/p>\n<\/div>\n\n\n\n<div class=\"wp-block-column is-layout-flow wp-block-column-is-layout-flow\">\n<figure class=\"wp-block-image\"><img loading=\"lazy\" decoding=\"async\" width=\"377\" height=\"480\" src=\"https:\/\/johannes-klier.de\/web\/wp-content\/uploads\/2019\/09\/Luys-Mil\u00e1n.jpg\" alt=\"\" class=\"wp-image-50\" srcset=\"https:\/\/johannes-klier.de\/web\/wp-content\/uploads\/2019\/09\/Luys-Mil\u00e1n.jpg 377w, https:\/\/johannes-klier.de\/web\/wp-content\/uploads\/2019\/09\/Luys-Mil\u00e1n-236x300.jpg 236w\" sizes=\"auto, (max-width: 377px) 100vw, 377px\" \/><\/figure>\n<\/div>\n<\/div>\n","protected":false},"excerpt":{"rendered":"<p>Luys Mil\u00e1n1535 3 Fantas\u00edas 6 Pavanas Toda mi vida (Villancico)Aquel caballero madre (Villancico)Durandarte (Romance) aus: Libro de M\u00fasica de vihuela de mano: intitulado El Maestro, Valencia 1535 (Transkription: Johannes Klier)<\/p>\n","protected":false},"author":1,"featured_media":0,"parent":42,"menu_order":0,"comment_status":"closed","ping_status":"closed","template":"","meta":{"footnotes":""},"class_list":["post-49","page","type-page","status-publish","hentry"],"_links":{"self":[{"href":"https:\/\/johannes-klier.de\/web\/wp-json\/wp\/v2\/pages\/49","targetHints":{"allow":["GET"]}}],"collection":[{"href":"https:\/\/johannes-klier.de\/web\/wp-json\/wp\/v2\/pages"}],"about":[{"href":"https:\/\/johannes-klier.de\/web\/wp-json\/wp\/v2\/types\/page"}],"author":[{"embeddable":true,"href":"https:\/\/johannes-klier.de\/web\/wp-json\/wp\/v2\/users\/1"}],"replies":[{"embeddable":true,"href":"https:\/\/johannes-klier.de\/web\/wp-json\/wp\/v2\/comments?post=49"}],"version-history":[{"count":7,"href":"https:\/\/johannes-klier.de\/web\/wp-json\/wp\/v2\/pages\/49\/revisions"}],"predecessor-version":[{"id":489,"href":"https:\/\/johannes-klier.de\/web\/wp-json\/wp\/v2\/pages\/49\/revisions\/489"}],"up":[{"embeddable":true,"href":"https:\/\/johannes-klier.de\/web\/wp-json\/wp\/v2\/pages\/42"}],"wp:attachment":[{"href":"https:\/\/johannes-klier.de\/web\/wp-json\/wp\/v2\/media?parent=49"}],"curies":[{"name":"wp","href":"https:\/\/api.w.org\/{rel}","templated":true}]}}

Luys Milán

<div class="wp-block-columns has-2-columns is-layout-flex wp-container-core-columns-is-layout-9d6595d7 wp-block-columns-is-layout-flex">
<div class="wp-block-column is-layout-flow wp-block-column-is-layout-flow">
<h4 class="wp-block-heading">Luys Milán<br>1535</h4>



<p>3 Fantasías</p>



<p>6 Pavanas</p>



<p>Toda mi vida (Villancico)<br>Aquel caballero madre (Villancico)<br>Durandarte (Romance)</p>



<p>aus: <em>Libro de Música de vihuela de mano: intitulado El Maestro</em>, Valencia 1535</p>



<p>(Transkription: Johannes Klier)<br></p>
</div>



<div class="wp-block-column is-layout-flow wp-block-column-is-layout-flow">
<figure class="wp-block-image"><img loading="lazy" decoding="async" width="377" height="480" src="https://johannes-klier.de/web/wp-content/uploads/2019/09/Luys-Milán.jpg" alt="" class="wp-image-50" srcset="https://johannes-klier.de/web/wp-content/uploads/2019/09/Luys-Milán.jpg 377w, https://johannes-klier.de/web/wp-content/uploads/2019/09/Luys-Milán-236x300.jpg 236w" sizes="auto, (max-width: 377px) 100vw, 377px" /></figure>
</div>
</div>

<p>Luys Milán1535 3 Fantasías 6 Pavanas Toda mi vida (Villancico)Aquel caballero madre (Villancico)Durandarte (Romance) aus: Libro de Música de vihuela de mano: intitulado El Maestro, Valencia 1535 (Transkription: Johannes Klier)</p>
