{"id":441,"date":"2024-04-20T09:50:42","date_gmt":"2024-04-20T07:50:42","guid":{"rendered":"https:\/\/johannes-klier.de\/web\/?page_id=441"},"modified":"2025-11-05T16:01:36","modified_gmt":"2025-11-05T15:01:36","slug":"joaquin-rodrigo","status":"publish","type":"page","link":"https:\/\/johannes-klier.de\/web\/konzerte\/reportoire\/joaquin-rodrigo\/","title":{"rendered":"<strong>Joaqu\u00edn Rodrigo<\/strong>"},"content":{"rendered":"\n<div class=\"wp-block-columns is-layout-flex wp-container-core-columns-is-layout-9d6595d7 wp-block-columns-is-layout-flex\">\n<div class=\"wp-block-column is-layout-flow wp-block-column-is-layout-flow\">\n<h4 class=\"wp-block-heading\">Joaqu\u00edn Rodrigo<br>1901\u20131999<\/h4>\n\n\n\n<p>Zarabanda lejana (1926)<\/p>\n\n\n\n<p>Por los campos de Espa\u00f1a<\/p>\n\n\n\n<blockquote class=\"wp-block-quote is-layout-flow wp-block-quote-is-layout-flow\">\n<p><em>En los trigales <\/em>(1938)<br> <em>Junto al Generalife<\/em> (1959)<br> <em>Bajando de la Meseta<\/em> (1954)<br> <em>En tierras de Jerez<\/em> (1957)<br> <em>Entre olivares<\/em> (1956)<\/p>\n<\/blockquote>\n\n\n\n<p>Tres peque\u00f1as piezas (1963)<\/p>\n\n\n\n<blockquote class=\"wp-block-quote is-layout-flow wp-block-quote-is-layout-flow\">\n<p>   <em>Ya se van los Pastoren<br>   Por caminos de Santiago<br>   Peque\u00f1a Sevillana<\/em><\/p>\n<\/blockquote>\n\n\n\n<p>Fantas\u00eda para un gentilhombre<br>f\u00fcr Gitarre und Orchester (1954)<\/p>\n\n\n\n<blockquote class=\"wp-block-quote is-layout-flow wp-block-quote-is-layout-flow\">\n<p>     <em>Villano y Ricercar<br>     Espa\u00f1oleta y Fanfare de la Caballer\u00eda de N\u00e1poles<br>     Danza de las Hachas<br>    Canario<\/em><\/p>\n<\/blockquote>\n<\/div>\n\n\n\n<div class=\"wp-block-column is-layout-flow wp-block-column-is-layout-flow\">\n<figure class=\"wp-block-image size-large\"><img loading=\"lazy\" decoding=\"async\" width=\"1024\" height=\"807\" src=\"https:\/\/johannes-klier.de\/web\/wp-content\/uploads\/2024\/04\/Joaquin-Rodrigo_in-salzburg-1935_-1024x807.jpg\" alt=\"\" class=\"wp-image-442\" srcset=\"https:\/\/johannes-klier.de\/web\/wp-content\/uploads\/2024\/04\/Joaquin-Rodrigo_in-salzburg-1935_-1024x807.jpg 1024w, https:\/\/johannes-klier.de\/web\/wp-content\/uploads\/2024\/04\/Joaquin-Rodrigo_in-salzburg-1935_-300x237.jpg 300w, https:\/\/johannes-klier.de\/web\/wp-content\/uploads\/2024\/04\/Joaquin-Rodrigo_in-salzburg-1935_-768x605.jpg 768w, https:\/\/johannes-klier.de\/web\/wp-content\/uploads\/2024\/04\/Joaquin-Rodrigo_in-salzburg-1935_.jpg 1200w\" sizes=\"auto, (max-width: 1024px) 100vw, 1024px\" \/><\/figure>\n<\/div>\n<\/div>\n\n\n\n<p><\/p>\n","protected":false},"excerpt":{"rendered":"<p>Joaqu\u00edn Rodrigo1901\u20131999 Zarabanda lejana (1926) Por los campos de Espa\u00f1a En los trigales (1938) Junto al Generalife (1959) Bajando de la Meseta (1954) En tierras de Jerez (1957) Entre olivares (1956) Tres peque\u00f1as piezas (1963) Ya se van los Pastoren Por caminos de Santiago Peque\u00f1a Sevillana Fantas\u00eda para un gentilhombref\u00fcr Gitarre und Orchester (1954) Villano [&hellip;]<\/p>\n","protected":false},"author":1,"featured_media":0,"parent":42,"menu_order":0,"comment_status":"closed","ping_status":"closed","template":"","meta":{"footnotes":""},"class_list":["post-441","page","type-page","status-publish","hentry"],"_links":{"self":[{"href":"https:\/\/johannes-klier.de\/web\/wp-json\/wp\/v2\/pages\/441","targetHints":{"allow":["GET"]}}],"collection":[{"href":"https:\/\/johannes-klier.de\/web\/wp-json\/wp\/v2\/pages"}],"about":[{"href":"https:\/\/johannes-klier.de\/web\/wp-json\/wp\/v2\/types\/page"}],"author":[{"embeddable":true,"href":"https:\/\/johannes-klier.de\/web\/wp-json\/wp\/v2\/users\/1"}],"replies":[{"embeddable":true,"href":"https:\/\/johannes-klier.de\/web\/wp-json\/wp\/v2\/comments?post=441"}],"version-history":[{"count":8,"href":"https:\/\/johannes-klier.de\/web\/wp-json\/wp\/v2\/pages\/441\/revisions"}],"predecessor-version":[{"id":547,"href":"https:\/\/johannes-klier.de\/web\/wp-json\/wp\/v2\/pages\/441\/revisions\/547"}],"up":[{"embeddable":true,"href":"https:\/\/johannes-klier.de\/web\/wp-json\/wp\/v2\/pages\/42"}],"wp:attachment":[{"href":"https:\/\/johannes-klier.de\/web\/wp-json\/wp\/v2\/media?parent=441"}],"curies":[{"name":"wp","href":"https:\/\/api.w.org\/{rel}","templated":true}]}}

<strong>Joaquín Rodrigo</strong>

<div class="wp-block-columns is-layout-flex wp-container-core-columns-is-layout-9d6595d7 wp-block-columns-is-layout-flex">
<div class="wp-block-column is-layout-flow wp-block-column-is-layout-flow">
<h4 class="wp-block-heading">Joaquín Rodrigo<br>1901–1999</h4>



<p>Zarabanda lejana (1926)</p>



<p>Por los campos de España</p>



<blockquote class="wp-block-quote is-layout-flow wp-block-quote-is-layout-flow">
<p><em>En los trigales </em>(1938)<br> <em>Junto al Generalife</em> (1959)<br> <em>Bajando de la Meseta</em> (1954)<br> <em>En tierras de Jerez</em> (1957)<br> <em>Entre olivares</em> (1956)</p>
</blockquote>



<p>Tres pequeñas piezas (1963)</p>



<blockquote class="wp-block-quote is-layout-flow wp-block-quote-is-layout-flow">
<p>   <em>Ya se van los Pastoren<br>   Por caminos de Santiago<br>   Pequeña Sevillana</em></p>
</blockquote>



<p>Fantasía para un gentilhombre<br>für Gitarre und Orchester (1954)</p>



<blockquote class="wp-block-quote is-layout-flow wp-block-quote-is-layout-flow">
<p>     <em>Villano y Ricercar<br>     Españoleta y Fanfare de la Caballería de Nápoles<br>     Danza de las Hachas<br>    Canario</em></p>
</blockquote>
</div>



<div class="wp-block-column is-layout-flow wp-block-column-is-layout-flow">
<figure class="wp-block-image size-large"><img loading="lazy" decoding="async" width="1024" height="807" src="https://johannes-klier.de/web/wp-content/uploads/2024/04/Joaquin-Rodrigo_in-salzburg-1935_-1024x807.jpg" alt="" class="wp-image-442" srcset="https://johannes-klier.de/web/wp-content/uploads/2024/04/Joaquin-Rodrigo_in-salzburg-1935_-1024x807.jpg 1024w, https://johannes-klier.de/web/wp-content/uploads/2024/04/Joaquin-Rodrigo_in-salzburg-1935_-300x237.jpg 300w, https://johannes-klier.de/web/wp-content/uploads/2024/04/Joaquin-Rodrigo_in-salzburg-1935_-768x605.jpg 768w, https://johannes-klier.de/web/wp-content/uploads/2024/04/Joaquin-Rodrigo_in-salzburg-1935_.jpg 1200w" sizes="auto, (max-width: 1024px) 100vw, 1024px" /></figure>
</div>
</div>



<p></p>

<p>Joaquín Rodrigo1901–1999 Zarabanda lejana (1926) Por los campos de España En los trigales (1938) Junto al Generalife (1959) Bajando de la Meseta (1954) En tierras de Jerez (1957) Entre olivares (1956) Tres pequeñas piezas (1963) Ya se van los Pastoren Por caminos de Santiago Pequeña Sevillana Fantasía para un gentilhombrefür Gitarre und Orchester (1954) Villano [&hellip;]</p>
