{"id":437,"date":"2024-04-20T09:37:21","date_gmt":"2024-04-20T07:37:21","guid":{"rendered":"https:\/\/johannes-klier.de\/web\/?page_id=437"},"modified":"2024-07-13T15:35:13","modified_gmt":"2024-07-13T13:35:13","slug":"gaspar-sanz","status":"publish","type":"page","link":"https:\/\/johannes-klier.de\/web\/konzerte\/reportoire\/gaspar-sanz\/","title":{"rendered":"<strong>Gaspar Sanz<\/strong>"},"content":{"rendered":"\n<div class=\"wp-block-columns is-layout-flex wp-container-core-columns-is-layout-9d6595d7 wp-block-columns-is-layout-flex\">\n<div class=\"wp-block-column is-layout-flow wp-block-column-is-layout-flow\">\n<h4 class=\"wp-block-heading\">Gaspar Sanz<br>1640\u20131710<\/h4>\n\n\n\n<p>Espa\u00f1oleta<br>Rujero<br>Paradetas<br>Matach\u00edn<br>Zarabanda<br>Fol\u00edas<br>Canciones<br>La Garzona<br>La Mi\u00f1ona de Catalu\u00f1a<br>La Cavaller\u00eda de N\u00e1poles<br>Canarios<\/p>\n\n\n\n<p>aus: <em>Instrucci\u00f3n de m\u00fasica sobre la guitarra espa\u00f1ola y methodo de sus primeros rudimentos, hasta ta\u00f1erla con destreza, Saragossa 1674<\/em><\/p>\n\n\n\n<p>(Transkription und Bearbeitung: Santiago Navascu\u00e9s und Johannes Klier)<\/p>\n<\/div>\n\n\n\n<div class=\"wp-block-column is-layout-flow wp-block-column-is-layout-flow\">\n<figure class=\"wp-block-image size-large\"><img loading=\"lazy\" decoding=\"async\" width=\"1024\" height=\"778\" src=\"https:\/\/johannes-klier.de\/web\/wp-content\/uploads\/2024\/04\/Gaspar-Sanz-1024x778.jpg\" alt=\"\" class=\"wp-image-445\" srcset=\"https:\/\/johannes-klier.de\/web\/wp-content\/uploads\/2024\/04\/Gaspar-Sanz-1024x778.jpg 1024w, https:\/\/johannes-klier.de\/web\/wp-content\/uploads\/2024\/04\/Gaspar-Sanz-300x228.jpg 300w, https:\/\/johannes-klier.de\/web\/wp-content\/uploads\/2024\/04\/Gaspar-Sanz-768x584.jpg 768w, https:\/\/johannes-klier.de\/web\/wp-content\/uploads\/2024\/04\/Gaspar-Sanz.jpg 1280w\" sizes=\"auto, (max-width: 1024px) 100vw, 1024px\" \/><\/figure>\n<\/div>\n<\/div>\n","protected":false},"excerpt":{"rendered":"<p>Gaspar Sanz1640\u20131710 Espa\u00f1oletaRujeroParadetasMatach\u00ednZarabandaFol\u00edasCancionesLa GarzonaLa Mi\u00f1ona de Catalu\u00f1aLa Cavaller\u00eda de N\u00e1polesCanarios aus: Instrucci\u00f3n de m\u00fasica sobre la guitarra espa\u00f1ola y methodo de sus primeros rudimentos, hasta ta\u00f1erla con destreza, Saragossa 1674 (Transkription und Bearbeitung: Santiago Navascu\u00e9s und Johannes Klier)<\/p>\n","protected":false},"author":1,"featured_media":0,"parent":42,"menu_order":0,"comment_status":"closed","ping_status":"closed","template":"","meta":{"footnotes":""},"class_list":["post-437","page","type-page","status-publish","hentry"],"_links":{"self":[{"href":"https:\/\/johannes-klier.de\/web\/wp-json\/wp\/v2\/pages\/437","targetHints":{"allow":["GET"]}}],"collection":[{"href":"https:\/\/johannes-klier.de\/web\/wp-json\/wp\/v2\/pages"}],"about":[{"href":"https:\/\/johannes-klier.de\/web\/wp-json\/wp\/v2\/types\/page"}],"author":[{"embeddable":true,"href":"https:\/\/johannes-klier.de\/web\/wp-json\/wp\/v2\/users\/1"}],"replies":[{"embeddable":true,"href":"https:\/\/johannes-klier.de\/web\/wp-json\/wp\/v2\/comments?post=437"}],"version-history":[{"count":4,"href":"https:\/\/johannes-klier.de\/web\/wp-json\/wp\/v2\/pages\/437\/revisions"}],"predecessor-version":[{"id":552,"href":"https:\/\/johannes-klier.de\/web\/wp-json\/wp\/v2\/pages\/437\/revisions\/552"}],"up":[{"embeddable":true,"href":"https:\/\/johannes-klier.de\/web\/wp-json\/wp\/v2\/pages\/42"}],"wp:attachment":[{"href":"https:\/\/johannes-klier.de\/web\/wp-json\/wp\/v2\/media?parent=437"}],"curies":[{"name":"wp","href":"https:\/\/api.w.org\/{rel}","templated":true}]}}

<div class="wp-block-columns is-layout-flex wp-container-core-columns-is-layout-9d6595d7 wp-block-columns-is-layout-flex">
<div class="wp-block-column is-layout-flow wp-block-column-is-layout-flow">
<h4 class="wp-block-heading">Gaspar Sanz<br>1640–1710</h4>



<p>Españoleta<br>Rujero<br>Paradetas<br>Matachín<br>Zarabanda<br>Folías<br>Canciones<br>La Garzona<br>La Miñona de Cataluña<br>La Cavallería de Nápoles<br>Canarios</p>



<p>aus: <em>Instrucción de música sobre la guitarra española y methodo de sus primeros rudimentos, hasta tañerla con destreza, Saragossa 1674</em></p>



<p>(Transkription und Bearbeitung: Santiago Navascués und Johannes Klier)</p>
</div>



<div class="wp-block-column is-layout-flow wp-block-column-is-layout-flow">
<figure class="wp-block-image size-large"><img loading="lazy" decoding="async" width="1024" height="778" src="https://johannes-klier.de/web/wp-content/uploads/2024/04/Gaspar-Sanz-1024x778.jpg" alt="" class="wp-image-445" srcset="https://johannes-klier.de/web/wp-content/uploads/2024/04/Gaspar-Sanz-1024x778.jpg 1024w, https://johannes-klier.de/web/wp-content/uploads/2024/04/Gaspar-Sanz-300x228.jpg 300w, https://johannes-klier.de/web/wp-content/uploads/2024/04/Gaspar-Sanz-768x584.jpg 768w, https://johannes-klier.de/web/wp-content/uploads/2024/04/Gaspar-Sanz.jpg 1280w" sizes="auto, (max-width: 1024px) 100vw, 1024px" /></figure>
</div>
</div>

<p>Gaspar Sanz1640–1710 EspañoletaRujeroParadetasMatachínZarabandaFolíasCancionesLa GarzonaLa Miñona de CataluñaLa Cavallería de NápolesCanarios aus: Instrucción de música sobre la guitarra española y methodo de sus primeros rudimentos, hasta tañerla con destreza, Saragossa 1674 (Transkription und Bearbeitung: Santiago Navascués und Johannes Klier)</p>
