{"id":42,"date":"2019-09-23T19:35:14","date_gmt":"2019-09-23T17:35:14","guid":{"rendered":"http:\/\/johannes-klier.de\/web\/?page_id=42"},"modified":"2026-01-17T22:45:30","modified_gmt":"2026-01-17T21:45:30","slug":"reportoire","status":"publish","type":"page","link":"https:\/\/johannes-klier.de\/web\/konzerte\/reportoire\/","title":{"rendered":"Reportoire"},"content":{"rendered":"\n<div class=\"wp-block-columns has-2-columns is-layout-flex wp-container-core-columns-is-layout-9d6595d7 wp-block-columns-is-layout-flex\">\n<div class=\"wp-block-column is-layout-flow wp-block-column-is-layout-flow\">\n<figure class=\"wp-block-image is-resized\"><img loading=\"lazy\" decoding=\"async\" width=\"283\" height=\"390\" src=\"https:\/\/johannes-klier.de\/web\/wp-content\/uploads\/2019\/09\/RF-Marcantonio-Raimondi-Der-Poet-Achillini-2.jpg\" alt=\"\" class=\"wp-image-43\" style=\"width:301px;height:414px\" srcset=\"https:\/\/johannes-klier.de\/web\/wp-content\/uploads\/2019\/09\/RF-Marcantonio-Raimondi-Der-Poet-Achillini-2.jpg 283w, https:\/\/johannes-klier.de\/web\/wp-content\/uploads\/2019\/09\/RF-Marcantonio-Raimondi-Der-Poet-Achillini-2-218x300.jpg 218w\" sizes=\"auto, (max-width: 283px) 100vw, 283px\" \/><\/figure>\n\n\n\n<p><\/p>\n<\/div>\n\n\n\n<div class=\"wp-block-column is-layout-flow wp-block-column-is-layout-flow\">\n<p><a href=\"https:\/\/johannes-klier.de\/web\/konzerte\/reportoire\/luys-milan\/\">Luys Mil\u00e1n<\/a><\/p>\n\n\n\n<p><a href=\"https:\/\/johannes-klier.de\/web\/konzerte\/reportoire\/luys-de-narvaez\/\" data-type=\"page\" data-id=\"555\">Luys de Narv\u00e1ez<\/a><\/p>\n\n\n\n<p><a href=\"https:\/\/johannes-klier.de\/web\/konzerte\/reportoire\/alonso-mudarra\/\">Alonso Mudarra<\/a><\/p>\n\n\n\n<p><a href=\"https:\/\/johannes-klier.de\/web\/konzerte\/reportoire\/miguel-de-fuenllana\/\">Miguel de Fuenllana<\/a><\/p>\n\n\n\n<p><a href=\"https:\/\/johannes-klier.de\/web\/konzerte\/reportoire\/girolamo-frescobaldi\/\">Girolamo Frescobaldi<\/a><\/p>\n\n\n\n<p><a href=\"https:\/\/johannes-klier.de\/web\/konzerte\/reportoire\/denis-gaultier\/\">Denis Gaultier<\/a><\/p>\n\n\n\n<p><a href=\"https:\/\/johannes-klier.de\/web\/konzerte\/reportoire\/gaspar-sanz\/\" data-type=\"page\" data-id=\"437\">Gaspar Sanz<\/a><\/p>\n\n\n\n<p><a href=\"https:\/\/johannes-klier.de\/web\/konzerte\/reportoire\/bach\/\">Johann Sebastian Bach<\/a><\/p>\n\n\n\n<p><a href=\"https:\/\/johannes-klier.de\/web\/konzerte\/reportoire\/fernando-sor\/\">Fernando Sor<\/a><\/p>\n\n\n\n<p><a href=\"https:\/\/johannes-klier.de\/web\/konzerte\/reportoire\/mauro-giuliani\/\" data-type=\"page\" data-id=\"438\">Mauro Giuliani<\/a><\/p>\n\n\n\n<p><a href=\"https:\/\/johannes-klier.de\/web\/konzerte\/reportoire\/francisco-tarrega\/\">Francisco T\u00e1rrega<\/a><\/p>\n\n\n\n<p><a href=\"https:\/\/johannes-klier.de\/web\/konzerte\/reportoire\/isaac-albeniz\/\" data-type=\"page\" data-id=\"366\">Isaac Alb\u00e9niz<\/a><\/p>\n\n\n\n<p><a href=\"https:\/\/johannes-klier.de\/web\/konzerte\/reportoire\/enrique-granados\/\">Enrique Granados<\/a><\/p>\n\n\n\n<p><a href=\"https:\/\/johannes-klier.de\/web\/konzerte\/reportoire\/miguel-llobet\/\">Miguel Llobet<\/a><\/p>\n\n\n\n<p><a href=\"https:\/\/johannes-klier.de\/web\/konzerte\/reportoire\/manuel-de-falla\/\">Manuel de Falla<\/a><\/p>\n\n\n\n<p><a href=\"https:\/\/johannes-klier.de\/web\/konzerte\/reportoire\/joaquin-turina\/\">Joaqu\u00edn Turina<\/a><\/p>\n\n\n\n<p><a href=\"https:\/\/johannes-klier.de\/web\/konzerte\/reportoire\/manuel-ponce\/\">Manuel Mar\u00eda Ponce<\/a><\/p>\n\n\n\n<p><a href=\"https:\/\/johannes-klier.de\/web\/konzerte\/reportoire\/jose-antonio-de-donostia\/\" data-type=\"page\" data-id=\"367\">Jos\u00e9 Antonio de Donostia<\/a><\/p>\n\n\n\n<p><a href=\"https:\/\/johannes-klier.de\/web\/konzerte\/reportoire\/heitor-villa-lobos\/\">He\u00edtor Villa-Lobos<\/a><\/p>\n\n\n\n<p><a href=\"https:\/\/johannes-klier.de\/web\/konzerte\/reportoire\/mario-castelnuovo-tedesco\/\" data-type=\"page\" data-id=\"368\">Mario Castelnuovo-Tedesco<\/a><\/p>\n\n\n\n<p><a href=\"https:\/\/johannes-klier.de\/web\/konzerte\/reportoire\/federico-moreno-torroba\/\">Federico Moreno Torroba<\/a><\/p>\n\n\n\n<p><a href=\"https:\/\/johannes-klier.de\/web\/frank-martin\/\" data-type=\"page\" data-id=\"497\">Frank Martin<\/a><\/p>\n\n\n\n<p><a href=\"https:\/\/johannes-klier.de\/web\/konzerte\/reportoire\/federico-mompou\/\">Federico Mompou<\/a><\/p>\n\n\n\n<p><a href=\"https:\/\/johannes-klier.de\/web\/konzerte\/reportoire\/alexandre-tansman\/\" data-type=\"page\" data-id=\"335\">Alexandre Tansman<\/a><\/p>\n\n\n\n<p><a href=\"https:\/\/johannes-klier.de\/web\/konzerte\/reportoire\/joaquin-rodrigo\/\" data-type=\"page\" data-id=\"441\">Joaqu\u00edn Rodrigo<\/a><\/p>\n\n\n\n<p><a href=\"https:\/\/johannes-klier.de\/web\/konzerte\/reportoire\/leo-brouer\/\" data-type=\"page\" data-id=\"440\">Leo Brouwer<\/a><\/p>\n<\/div>\n<\/div>\n","protected":false},"excerpt":{"rendered":"<p>Luys Mil\u00e1n Luys de Narv\u00e1ez Alonso Mudarra Miguel de Fuenllana Girolamo Frescobaldi Denis Gaultier Gaspar Sanz Johann Sebastian Bach Fernando Sor Mauro Giuliani Francisco T\u00e1rrega Isaac Alb\u00e9niz Enrique Granados Miguel Llobet Manuel de Falla Joaqu\u00edn Turina Manuel Mar\u00eda Ponce Jos\u00e9 Antonio de Donostia He\u00edtor Villa-Lobos Mario Castelnuovo-Tedesco Federico Moreno Torroba Frank Martin Federico Mompou Alexandre [&hellip;]<\/p>\n","protected":false},"author":1,"featured_media":0,"parent":28,"menu_order":0,"comment_status":"closed","ping_status":"closed","template":"","meta":{"footnotes":""},"class_list":["post-42","page","type-page","status-publish","hentry"],"_links":{"self":[{"href":"https:\/\/johannes-klier.de\/web\/wp-json\/wp\/v2\/pages\/42","targetHints":{"allow":["GET"]}}],"collection":[{"href":"https:\/\/johannes-klier.de\/web\/wp-json\/wp\/v2\/pages"}],"about":[{"href":"https:\/\/johannes-klier.de\/web\/wp-json\/wp\/v2\/types\/page"}],"author":[{"embeddable":true,"href":"https:\/\/johannes-klier.de\/web\/wp-json\/wp\/v2\/users\/1"}],"replies":[{"embeddable":true,"href":"https:\/\/johannes-klier.de\/web\/wp-json\/wp\/v2\/comments?post=42"}],"version-history":[{"count":13,"href":"https:\/\/johannes-klier.de\/web\/wp-json\/wp\/v2\/pages\/42\/revisions"}],"predecessor-version":[{"id":562,"href":"https:\/\/johannes-klier.de\/web\/wp-json\/wp\/v2\/pages\/42\/revisions\/562"}],"up":[{"embeddable":true,"href":"https:\/\/johannes-klier.de\/web\/wp-json\/wp\/v2\/pages\/28"}],"wp:attachment":[{"href":"https:\/\/johannes-klier.de\/web\/wp-json\/wp\/v2\/media?parent=42"}],"curies":[{"name":"wp","href":"https:\/\/api.w.org\/{rel}","templated":true}]}}

<div class="wp-block-columns has-2-columns is-layout-flex wp-container-core-columns-is-layout-9d6595d7 wp-block-columns-is-layout-flex">
<div class="wp-block-column is-layout-flow wp-block-column-is-layout-flow">
<figure class="wp-block-image is-resized"><img loading="lazy" decoding="async" width="283" height="390" src="https://johannes-klier.de/web/wp-content/uploads/2019/09/RF-Marcantonio-Raimondi-Der-Poet-Achillini-2.jpg" alt="" class="wp-image-43" style="width:301px;height:414px" srcset="https://johannes-klier.de/web/wp-content/uploads/2019/09/RF-Marcantonio-Raimondi-Der-Poet-Achillini-2.jpg 283w, https://johannes-klier.de/web/wp-content/uploads/2019/09/RF-Marcantonio-Raimondi-Der-Poet-Achillini-2-218x300.jpg 218w" sizes="auto, (max-width: 283px) 100vw, 283px" /></figure>



<p></p>
</div>



<div class="wp-block-column is-layout-flow wp-block-column-is-layout-flow">
<p><a href="https://johannes-klier.de/web/konzerte/reportoire/luys-milan/">Luys Milán</a></p>



<p><a href="https://johannes-klier.de/web/konzerte/reportoire/luys-de-narvaez/" data-type="page" data-id="555">Luys de Narváez</a></p>



<p><a href="https://johannes-klier.de/web/konzerte/reportoire/alonso-mudarra/">Alonso Mudarra</a></p>



<p><a href="https://johannes-klier.de/web/konzerte/reportoire/miguel-de-fuenllana/">Miguel de Fuenllana</a></p>



<p><a href="https://johannes-klier.de/web/konzerte/reportoire/girolamo-frescobaldi/">Girolamo Frescobaldi</a></p>



<p><a href="https://johannes-klier.de/web/konzerte/reportoire/denis-gaultier/">Denis Gaultier</a></p>



<p><a href="https://johannes-klier.de/web/konzerte/reportoire/gaspar-sanz/" data-type="page" data-id="437">Gaspar Sanz</a></p>



<p><a href="https://johannes-klier.de/web/konzerte/reportoire/bach/">Johann Sebastian Bach</a></p>



<p><a href="https://johannes-klier.de/web/konzerte/reportoire/fernando-sor/">Fernando Sor</a></p>



<p><a href="https://johannes-klier.de/web/konzerte/reportoire/mauro-giuliani/" data-type="page" data-id="438">Mauro Giuliani</a></p>



<p><a href="https://johannes-klier.de/web/konzerte/reportoire/francisco-tarrega/">Francisco Tárrega</a></p>



<p><a href="https://johannes-klier.de/web/konzerte/reportoire/isaac-albeniz/" data-type="page" data-id="366">Isaac Albéniz</a></p>



<p><a href="https://johannes-klier.de/web/konzerte/reportoire/enrique-granados/">Enrique Granados</a></p>



<p><a href="https://johannes-klier.de/web/konzerte/reportoire/miguel-llobet/">Miguel Llobet</a></p>



<p><a href="https://johannes-klier.de/web/konzerte/reportoire/manuel-de-falla/">Manuel de Falla</a></p>



<p><a href="https://johannes-klier.de/web/konzerte/reportoire/joaquin-turina/">Joaquín Turina</a></p>



<p><a href="https://johannes-klier.de/web/konzerte/reportoire/manuel-ponce/">Manuel María Ponce</a></p>



<p><a href="https://johannes-klier.de/web/konzerte/reportoire/jose-antonio-de-donostia/" data-type="page" data-id="367">José Antonio de Donostia</a></p>



<p><a href="https://johannes-klier.de/web/konzerte/reportoire/heitor-villa-lobos/">Heítor Villa-Lobos</a></p>



<p><a href="https://johannes-klier.de/web/konzerte/reportoire/mario-castelnuovo-tedesco/" data-type="page" data-id="368">Mario Castelnuovo-Tedesco</a></p>



<p><a href="https://johannes-klier.de/web/konzerte/reportoire/federico-moreno-torroba/">Federico Moreno Torroba</a></p>



<p><a href="https://johannes-klier.de/web/frank-martin/" data-type="page" data-id="497">Frank Martin</a></p>



<p><a href="https://johannes-klier.de/web/konzerte/reportoire/federico-mompou/">Federico Mompou</a></p>



<p><a href="https://johannes-klier.de/web/konzerte/reportoire/alexandre-tansman/" data-type="page" data-id="335">Alexandre Tansman</a></p>



<p><a href="https://johannes-klier.de/web/konzerte/reportoire/joaquin-rodrigo/" data-type="page" data-id="441">Joaquín Rodrigo</a></p>



<p><a href="https://johannes-klier.de/web/konzerte/reportoire/leo-brouer/" data-type="page" data-id="440">Leo Brouwer</a></p>
</div>
</div>

<p>Luys Milán Luys de Narváez Alonso Mudarra Miguel de Fuenllana Girolamo Frescobaldi Denis Gaultier Gaspar Sanz Johann Sebastian Bach Fernando Sor Mauro Giuliani Francisco Tárrega Isaac Albéniz Enrique Granados Miguel Llobet Manuel de Falla Joaquín Turina Manuel María Ponce José Antonio de Donostia Heítor Villa-Lobos Mario Castelnuovo-Tedesco Federico Moreno Torroba Frank Martin Federico Mompou Alexandre [&hellip;]</p>
