{"id":366,"date":"2024-01-28T10:28:17","date_gmt":"2024-01-28T09:28:17","guid":{"rendered":"https:\/\/johannes-klier.de\/web\/?page_id=366"},"modified":"2025-10-16T16:15:58","modified_gmt":"2025-10-16T14:15:58","slug":"isaac-albeniz","status":"publish","type":"page","link":"https:\/\/johannes-klier.de\/web\/konzerte\/reportoire\/isaac-albeniz\/","title":{"rendered":"Isaac Alb\u00e9niz"},"content":{"rendered":"\n<div class=\"wp-block-columns is-layout-flex wp-container-core-columns-is-layout-9d6595d7 wp-block-columns-is-layout-flex\">\n<div class=\"wp-block-column is-layout-flow wp-block-column-is-layout-flow\">\n<h4 class=\"wp-block-heading\"><strong>Isaak Alb\u00e9niz<\/strong><br><strong>1860\u20131909<\/strong><\/h4>\n\n\n\n<p>Granada (Serenata)<br>aus: Suite espa\u00f1ola Nr. 1 op. 47 Nr. 1 (1882-89)<br>Bearbeitung: Santiago Navascu\u00e9s<\/p>\n\n\n\n<p>Catalu\u00f1a (Curranda)<br>aus: Suite espa\u00f1ola Nr. 1 op. 47 Nr. 2 (1882-89)<br>Bearbeitung: Johannes Klier<\/p>\n\n\n\n<p>Sevilla (Sevillanas)<br>aus: Suite espa\u00f1ola Nr. 1 op. 47 Nr. 3 (1882-89)<br>Bearbeitung: Johannes Klier<\/p>\n\n\n\n<p>C\u00e1diz (Saeta)<br>aus: Suite espa\u00f1ola Nr. 1 op. 47 Nr. 4 (1882-89)<br>Bearbeitung: Johannes Klier<br>(identisch mit C\u00e9l\u00e8bre s\u00e9r\u00e9nade espagnole op. 181 (ca. 1889)<\/p>\n\n\n\n<p>Asturias (Leyenda) 1882-89<br>aus: Suite espa\u00f1ola Nr. 1 op. 47 Nr. 5 (1882-89)<br>Bearbeitung: Santiago Navascu\u00e9s<\/p>\n\n\n\n<p>Cuba (Notturno)<br>aus: Suite espa\u00f1ola Nr. 1 op. 47 Nr. 8 (1882-89)<br>Bearbeitung: Johannes Klier<\/p>\n\n\n\n<p>Zambra Granadina (Danse orientale)<br>aus: Suite espa\u00f1ola Nr. 2 op. 97 Nr. 4 (1888)<br>Bearbeitung: Andr\u00e9s Segovia<\/p>\n\n\n\n<p>Rumores de la Caleta (Malague\u00f1e)<br>aus: Recuerdos de viaje, op. 71 Nr. 6 (1886-87)<br>Bearbeitung: Santiago Navascu\u00e9s<\/p>\n\n\n\n<p>Torre Bermeja (Serenata)<br>aus: 12 Piezas caracter\u00edsticas, op. 92 Nr. 12 (1888)<br>Bearbeitung: Johannes Klier<\/p>\n\n\n\n<p>C\u00f3rdoba<br>aus: Chants d&#8217;Espagne, op. 232 Nr. 4 (1894)<br>Bearbeitung: John Williams<\/p>\n\n\n\n<p>Capricho Catal\u00e1n<br>aus: Espa\u00f1a, op. 165 Nr. 5 (1889-1890)<br>Bearbeitung: Johannes Klier<\/p>\n<\/div>\n\n\n\n<div class=\"wp-block-column is-layout-flow wp-block-column-is-layout-flow\">\n<figure class=\"wp-block-image size-full is-resized\"><img loading=\"lazy\" decoding=\"async\" width=\"391\" height=\"476\" src=\"https:\/\/johannes-klier.de\/web\/wp-content\/uploads\/2024\/01\/Isaac-Albeniz.jpg\" alt=\"\" class=\"wp-image-373\" style=\"width:376px;height:458px\" srcset=\"https:\/\/johannes-klier.de\/web\/wp-content\/uploads\/2024\/01\/Isaac-Albeniz.jpg 391w, https:\/\/johannes-klier.de\/web\/wp-content\/uploads\/2024\/01\/Isaac-Albeniz-246x300.jpg 246w\" sizes=\"auto, (max-width: 391px) 100vw, 391px\" \/><\/figure>\n<\/div>\n<\/div>\n","protected":false},"excerpt":{"rendered":"<p>Isaak Alb\u00e9niz1860\u20131909 Granada (Serenata)aus: Suite espa\u00f1ola Nr. 1 op. 47 Nr. 1 (1882-89)Bearbeitung: Santiago Navascu\u00e9s Catalu\u00f1a (Curranda)aus: Suite espa\u00f1ola Nr. 1 op. 47 Nr. 2 (1882-89)Bearbeitung: Johannes Klier Sevilla (Sevillanas)aus: Suite espa\u00f1ola Nr. 1 op. 47 Nr. 3 (1882-89)Bearbeitung: Johannes Klier C\u00e1diz (Saeta)aus: Suite espa\u00f1ola Nr. 1 op. 47 Nr. 4 (1882-89)Bearbeitung: Johannes Klier(identisch mit [&hellip;]<\/p>\n","protected":false},"author":1,"featured_media":0,"parent":42,"menu_order":0,"comment_status":"closed","ping_status":"closed","template":"","meta":{"footnotes":""},"class_list":["post-366","page","type-page","status-publish","hentry"],"_links":{"self":[{"href":"https:\/\/johannes-klier.de\/web\/wp-json\/wp\/v2\/pages\/366","targetHints":{"allow":["GET"]}}],"collection":[{"href":"https:\/\/johannes-klier.de\/web\/wp-json\/wp\/v2\/pages"}],"about":[{"href":"https:\/\/johannes-klier.de\/web\/wp-json\/wp\/v2\/types\/page"}],"author":[{"embeddable":true,"href":"https:\/\/johannes-klier.de\/web\/wp-json\/wp\/v2\/users\/1"}],"replies":[{"embeddable":true,"href":"https:\/\/johannes-klier.de\/web\/wp-json\/wp\/v2\/comments?post=366"}],"version-history":[{"count":9,"href":"https:\/\/johannes-klier.de\/web\/wp-json\/wp\/v2\/pages\/366\/revisions"}],"predecessor-version":[{"id":542,"href":"https:\/\/johannes-klier.de\/web\/wp-json\/wp\/v2\/pages\/366\/revisions\/542"}],"up":[{"embeddable":true,"href":"https:\/\/johannes-klier.de\/web\/wp-json\/wp\/v2\/pages\/42"}],"wp:attachment":[{"href":"https:\/\/johannes-klier.de\/web\/wp-json\/wp\/v2\/media?parent=366"}],"curies":[{"name":"wp","href":"https:\/\/api.w.org\/{rel}","templated":true}]}}

Isaac Albéniz

<div class="wp-block-columns is-layout-flex wp-container-core-columns-is-layout-9d6595d7 wp-block-columns-is-layout-flex">
<div class="wp-block-column is-layout-flow wp-block-column-is-layout-flow">
<h4 class="wp-block-heading"><strong>Isaak Albéniz</strong><br><strong>1860–1909</strong></h4>



<p>Granada (Serenata)<br>aus: Suite española Nr. 1 op. 47 Nr. 1 (1882-89)<br>Bearbeitung: Santiago Navascués</p>



<p>Cataluña (Curranda)<br>aus: Suite española Nr. 1 op. 47 Nr. 2 (1882-89)<br>Bearbeitung: Johannes Klier</p>



<p>Sevilla (Sevillanas)<br>aus: Suite española Nr. 1 op. 47 Nr. 3 (1882-89)<br>Bearbeitung: Johannes Klier</p>



<p>Cádiz (Saeta)<br>aus: Suite española Nr. 1 op. 47 Nr. 4 (1882-89)<br>Bearbeitung: Johannes Klier<br>(identisch mit Célèbre sérénade espagnole op. 181 (ca. 1889)</p>



<p>Asturias (Leyenda) 1882-89<br>aus: Suite española Nr. 1 op. 47 Nr. 5 (1882-89)<br>Bearbeitung: Santiago Navascués</p>



<p>Cuba (Notturno)<br>aus: Suite española Nr. 1 op. 47 Nr. 8 (1882-89)<br>Bearbeitung: Johannes Klier</p>



<p>Zambra Granadina (Danse orientale)<br>aus: Suite española Nr. 2 op. 97 Nr. 4 (1888)<br>Bearbeitung: Andrés Segovia</p>



<p>Rumores de la Caleta (Malagueñe)<br>aus: Recuerdos de viaje, op. 71 Nr. 6 (1886-87)<br>Bearbeitung: Santiago Navascués</p>



<p>Torre Bermeja (Serenata)<br>aus: 12 Piezas características, op. 92 Nr. 12 (1888)<br>Bearbeitung: Johannes Klier</p>



<p>Córdoba<br>aus: Chants d&#8217;Espagne, op. 232 Nr. 4 (1894)<br>Bearbeitung: John Williams</p>



<p>Capricho Catalán<br>aus: España, op. 165 Nr. 5 (1889-1890)<br>Bearbeitung: Johannes Klier</p>
</div>



<div class="wp-block-column is-layout-flow wp-block-column-is-layout-flow">
<figure class="wp-block-image size-full is-resized"><img loading="lazy" decoding="async" width="391" height="476" src="https://johannes-klier.de/web/wp-content/uploads/2024/01/Isaac-Albeniz.jpg" alt="" class="wp-image-373" style="width:376px;height:458px" srcset="https://johannes-klier.de/web/wp-content/uploads/2024/01/Isaac-Albeniz.jpg 391w, https://johannes-klier.de/web/wp-content/uploads/2024/01/Isaac-Albeniz-246x300.jpg 246w" sizes="auto, (max-width: 391px) 100vw, 391px" /></figure>
</div>
</div>

<p>Isaak Albéniz1860–1909 Granada (Serenata)aus: Suite española Nr. 1 op. 47 Nr. 1 (1882-89)Bearbeitung: Santiago Navascués Cataluña (Curranda)aus: Suite española Nr. 1 op. 47 Nr. 2 (1882-89)Bearbeitung: Johannes Klier Sevilla (Sevillanas)aus: Suite española Nr. 1 op. 47 Nr. 3 (1882-89)Bearbeitung: Johannes Klier Cádiz (Saeta)aus: Suite española Nr. 1 op. 47 Nr. 4 (1882-89)Bearbeitung: Johannes Klier(identisch mit [&hellip;]</p>
