{"id":101,"date":"2019-09-23T21:01:12","date_gmt":"2019-09-23T19:01:12","guid":{"rendered":"http:\/\/johannes-klier.de\/web\/?page_id=101"},"modified":"2025-10-10T16:36:01","modified_gmt":"2025-10-10T14:36:01","slug":"heitor-villa-lobos","status":"publish","type":"page","link":"https:\/\/johannes-klier.de\/web\/konzerte\/reportoire\/heitor-villa-lobos\/","title":{"rendered":"He\u00edtor Villa-Lobos"},"content":{"rendered":"\n<div class=\"wp-block-columns has-2-columns is-layout-flex wp-container-core-columns-is-layout-9d6595d7 wp-block-columns-is-layout-flex\">\n<div class=\"wp-block-column is-layout-flow wp-block-column-is-layout-flow\">\n<h4 class=\"wp-block-heading\">He\u00edtor Villa-Lobos<br>1887\u20131959<\/h4>\n\n\n\n<p>Ch\u00f4ros No. 1 (1920)<\/p>\n\n\n\n<p>\u00c9tudes Nr. 1, 2, 6, 7, 8, 10, 11, 12<br>aus <em>Douze \u00c9tudes<\/em> (1929 \u2013 Urtext)<\/p>\n\n\n\n<p>Die f\u00fcnf Pr\u00e9ludes (1940)<\/p>\n\n\n\n<p>CONCERTO pour Guitare et petit orchestre (1951)<\/p>\n\n\n\n<blockquote class=\"wp-block-quote is-layout-flow wp-block-quote-is-layout-flow\">\n<p><em>Allegro preciso<\/em><br><em>Andantino e Andante<\/em><br><em>Cadence<\/em><br><em>Allegro non troppo<\/em><\/p>\n<\/blockquote>\n<\/div>\n\n\n\n<div class=\"wp-block-column is-layout-flow wp-block-column-is-layout-flow\">\n<figure class=\"wp-block-image\"><img loading=\"lazy\" decoding=\"async\" width=\"640\" height=\"513\" src=\"https:\/\/johannes-klier.de\/web\/wp-content\/uploads\/2019\/09\/Heitor-Villa-Lobos-3.jpg\" alt=\"\" class=\"wp-image-102\" srcset=\"https:\/\/johannes-klier.de\/web\/wp-content\/uploads\/2019\/09\/Heitor-Villa-Lobos-3.jpg 640w, https:\/\/johannes-klier.de\/web\/wp-content\/uploads\/2019\/09\/Heitor-Villa-Lobos-3-300x240.jpg 300w\" sizes=\"auto, (max-width: 640px) 100vw, 640px\" \/><\/figure>\n<\/div>\n<\/div>\n\n\n\n<p><\/p>\n","protected":false},"excerpt":{"rendered":"<p>He\u00edtor Villa-Lobos1887\u20131959 Ch\u00f4ros No. 1 (1920) \u00c9tudes Nr. 1, 2, 6, 7, 8, 10, 11, 12aus Douze \u00c9tudes (1929 \u2013 Urtext) Die f\u00fcnf Pr\u00e9ludes (1940) CONCERTO pour Guitare et petit orchestre (1951) Allegro precisoAndantino e AndanteCadenceAllegro non troppo<\/p>\n","protected":false},"author":1,"featured_media":0,"parent":42,"menu_order":0,"comment_status":"closed","ping_status":"closed","template":"","meta":{"footnotes":""},"class_list":["post-101","page","type-page","status-publish","hentry"],"_links":{"self":[{"href":"https:\/\/johannes-klier.de\/web\/wp-json\/wp\/v2\/pages\/101","targetHints":{"allow":["GET"]}}],"collection":[{"href":"https:\/\/johannes-klier.de\/web\/wp-json\/wp\/v2\/pages"}],"about":[{"href":"https:\/\/johannes-klier.de\/web\/wp-json\/wp\/v2\/types\/page"}],"author":[{"embeddable":true,"href":"https:\/\/johannes-klier.de\/web\/wp-json\/wp\/v2\/users\/1"}],"replies":[{"embeddable":true,"href":"https:\/\/johannes-klier.de\/web\/wp-json\/wp\/v2\/comments?post=101"}],"version-history":[{"count":9,"href":"https:\/\/johannes-klier.de\/web\/wp-json\/wp\/v2\/pages\/101\/revisions"}],"predecessor-version":[{"id":538,"href":"https:\/\/johannes-klier.de\/web\/wp-json\/wp\/v2\/pages\/101\/revisions\/538"}],"up":[{"embeddable":true,"href":"https:\/\/johannes-klier.de\/web\/wp-json\/wp\/v2\/pages\/42"}],"wp:attachment":[{"href":"https:\/\/johannes-klier.de\/web\/wp-json\/wp\/v2\/media?parent=101"}],"curies":[{"name":"wp","href":"https:\/\/api.w.org\/{rel}","templated":true}]}}

Heítor Villa-Lobos

<div class="wp-block-columns has-2-columns is-layout-flex wp-container-core-columns-is-layout-9d6595d7 wp-block-columns-is-layout-flex">
<div class="wp-block-column is-layout-flow wp-block-column-is-layout-flow">
<h4 class="wp-block-heading">Heítor Villa-Lobos<br>1887–1959</h4>



<p>Chôros No. 1 (1920)</p>



<p>Études Nr. 1, 2, 6, 7, 8, 10, 11, 12<br>aus <em>Douze Études</em> (1929 – Urtext)</p>



<p>Die fünf Préludes (1940)</p>



<p>CONCERTO pour Guitare et petit orchestre (1951)</p>



<blockquote class="wp-block-quote is-layout-flow wp-block-quote-is-layout-flow">
<p><em>Allegro preciso</em><br><em>Andantino e Andante</em><br><em>Cadence</em><br><em>Allegro non troppo</em></p>
</blockquote>
</div>



<div class="wp-block-column is-layout-flow wp-block-column-is-layout-flow">
<figure class="wp-block-image"><img loading="lazy" decoding="async" width="640" height="513" src="https://johannes-klier.de/web/wp-content/uploads/2019/09/Heitor-Villa-Lobos-3.jpg" alt="" class="wp-image-102" srcset="https://johannes-klier.de/web/wp-content/uploads/2019/09/Heitor-Villa-Lobos-3.jpg 640w, https://johannes-klier.de/web/wp-content/uploads/2019/09/Heitor-Villa-Lobos-3-300x240.jpg 300w" sizes="auto, (max-width: 640px) 100vw, 640px" /></figure>
</div>
</div>



<p></p>

<p>Heítor Villa-Lobos1887–1959 Chôros No. 1 (1920) Études Nr. 1, 2, 6, 7, 8, 10, 11, 12aus Douze Études (1929 – Urtext) Die fünf Préludes (1940) CONCERTO pour Guitare et petit orchestre (1951) Allegro precisoAndantino e AndanteCadenceAllegro non troppo</p>
